{"id":463,"date":"2017-03-29T09:42:34","date_gmt":"2017-03-29T07:42:34","guid":{"rendered":"http:\/\/www.parchemins.bzh\/?page_id=463"},"modified":"2017-03-30T12:14:58","modified_gmt":"2017-03-30T10:14:58","slug":"axe-c","status":"publish","type":"page","link":"http:\/\/www.parchemins.bzh\/index.php\/presentation-du-projet\/axes-de-recherche\/axe-c\/","title":{"rendered":"Axe C"},"content":{"rendered":"<h4>Interm\u00e9diation et observation longitudinale des dynamiques d\u2019apprentissage social<\/h4>\n<p>&nbsp;<\/p>\n<p><strong>Porteurs\u00a0: <\/strong><a href=\"http:\/\/www.parchemins.bzh\/index.php\/lequipe\/lequipe\/\">Marianne Cerf, Alix Levain<\/a><\/p>\n<p><strong>Objectifs op\u00e9rationnels\u00a0: <\/strong><\/p>\n<ul>\n<li style=\"text-align: justify;\">Enrichir la r\u00e9flexion sur les formes possibles de d\u00e9mocratisation de la recherche et les apports du pluralisme \u00e9pist\u00e9mologique dans l\u2019accompagnement du changement social;<\/li>\n<li style=\"text-align: justify;\">Capitaliser et partager les exp\u00e9rimentations aupr\u00e8s d\u2019un public \u00e9largi (Alliance Sciences-Soci\u00e9t\u00e9s, laboratoires, institutions professionnelles et politiques);<\/li>\n<li style=\"text-align: justify;\">Mettre en \u00e9vidence les apports de la recherche en sciences sociales dans les situations de transformations socio-techniques acc\u00e9l\u00e9r\u00e9es.<\/li>\n<\/ul>\n<p style=\"text-align: center;\"><a href=\"\/index.php\/presentation-du-projet\/axes-de-recherche\/axe-1\/\">Axe 1<\/a> &#8211;<a href=\"\/index.php\/presentation-du-projet\/axes-de-recherche\/axe-2\/\"> Axe 2<\/a> &#8211; <a href=\"\/index.php\/presentation-du-projet\/axes-de-recherche\/axe-3\/\">Axe 3<\/a> &#8211; <a href=\"\/index.php\/presentation-du-projet\/axes-de-recherche\/axe-a\/\">Axe A<\/a> &#8211;<a href=\"\/index.php\/presentation-du-projet\/axes-de-recherche\/axe-b\/\"> Axe B<\/a> &#8211; Axe C<\/p>\n","protected":false},"excerpt":{"rendered":"<p>Interm\u00e9diation et observation longitudinale des dynamiques d\u2019apprentissage social &nbsp; Porteurs\u00a0: Marianne Cerf, Alix Levain Objectifs op\u00e9rationnels\u00a0: Enrichir la r\u00e9flexion sur les formes possibles de d\u00e9mocratisation de la recherche et les apports du pluralisme \u00e9pist\u00e9mologique dans l\u2019accompagnement du changement social; Capitaliser et partager les exp\u00e9rimentations aupr\u00e8s d\u2019un public \u00e9largi (Alliance Sciences-Soci\u00e9t\u00e9s, laboratoires, institutions professionnelles et politiques); [&hellip;]<\/p>\n","protected":false},"author":1,"featured_media":0,"parent":371,"menu_order":5,"comment_status":"closed","ping_status":"closed","template":"","meta":[],"_links":{"self":[{"href":"http:\/\/www.parchemins.bzh\/index.php\/wp-json\/wp\/v2\/pages\/463"}],"collection":[{"href":"http:\/\/www.parchemins.bzh\/index.php\/wp-json\/wp\/v2\/pages"}],"about":[{"href":"http:\/\/www.parchemins.bzh\/index.php\/wp-json\/wp\/v2\/types\/page"}],"author":[{"embeddable":true,"href":"http:\/\/www.parchemins.bzh\/index.php\/wp-json\/wp\/v2\/users\/1"}],"replies":[{"embeddable":true,"href":"http:\/\/www.parchemins.bzh\/index.php\/wp-json\/wp\/v2\/comments?post=463"}],"version-history":[{"count":5,"href":"http:\/\/www.parchemins.bzh\/index.php\/wp-json\/wp\/v2\/pages\/463\/revisions"}],"predecessor-version":[{"id":537,"href":"http:\/\/www.parchemins.bzh\/index.php\/wp-json\/wp\/v2\/pages\/463\/revisions\/537"}],"up":[{"embeddable":true,"href":"http:\/\/www.parchemins.bzh\/index.php\/wp-json\/wp\/v2\/pages\/371"}],"wp:attachment":[{"href":"http:\/\/www.parchemins.bzh\/index.php\/wp-json\/wp\/v2\/media?parent=463"}],"curies":[{"name":"wp","href":"https:\/\/api.w.org\/{rel}","templated":true}]}}

<h4>Intermédiation et observation longitudinale des dynamiques d’apprentissage social</h4>
<p>&nbsp;</p>
<p><strong>Porteurs : </strong><a href="http://www.parchemins.bzh/index.php/lequipe/lequipe/">Marianne Cerf, Alix Levain</a></p>
<p><strong>Objectifs opérationnels : </strong></p>
<ul>
<li style="text-align: justify;">Enrichir la réflexion sur les formes possibles de démocratisation de la recherche et les apports du pluralisme épistémologique dans l’accompagnement du changement social;</li>
<li style="text-align: justify;">Capitaliser et partager les expérimentations auprès d’un public élargi (Alliance Sciences-Sociétés, laboratoires, institutions professionnelles et politiques);</li>
<li style="text-align: justify;">Mettre en évidence les apports de la recherche en sciences sociales dans les situations de transformations socio-techniques accélérées.</li>
</ul>
<p style="text-align: center;"><a href="/index.php/presentation-du-projet/axes-de-recherche/axe-1/">Axe 1</a> &#8211;<a href="/index.php/presentation-du-projet/axes-de-recherche/axe-2/"> Axe 2</a> &#8211; <a href="/index.php/presentation-du-projet/axes-de-recherche/axe-3/">Axe 3</a> &#8211; <a href="/index.php/presentation-du-projet/axes-de-recherche/axe-a/">Axe A</a> &#8211;<a href="/index.php/presentation-du-projet/axes-de-recherche/axe-b/"> Axe B</a> &#8211; Axe C</p>

<p>Intermédiation et observation longitudinale des dynamiques d’apprentissage social &nbsp; Porteurs : Marianne Cerf, Alix Levain Objectifs opérationnels : Enrichir la réflexion sur les formes possibles de démocratisation de la recherche et les apports du pluralisme épistémologique dans l’accompagnement du changement social; Capitaliser et partager les expérimentations auprès d’un public élargi (Alliance Sciences-Sociétés, laboratoires, institutions professionnelles et politiques); [&hellip;]</p>
