{"id":459,"date":"2017-03-29T09:42:14","date_gmt":"2017-03-29T07:42:14","guid":{"rendered":"http:\/\/www.parchemins.bzh\/?page_id=459"},"modified":"2017-03-30T12:13:15","modified_gmt":"2017-03-30T10:13:15","slug":"axe-a","status":"publish","type":"page","link":"http:\/\/www.parchemins.bzh\/index.php\/presentation-du-projet\/axes-de-recherche\/axe-a\/","title":{"rendered":"Axe A"},"content":{"rendered":"<h4>Animer, valoriser et p\u00e9renniser le projet<\/h4>\n<p>&nbsp;<\/p>\n<p><strong>Porteurs\u00a0: <\/strong><a href=\"http:\/\/www.parchemins.bzh\/index.php\/lequipe\/lequipe\/\">Alix Levain, Chantal Gascuel<\/a><\/p>\n<p><strong>Objectifs op\u00e9rationnels\u00a0: <\/strong><\/p>\n<ul>\n<li style=\"text-align: justify;\">Cr\u00e9er les conditions d\u2019une implication effective des acteurs locaux dans le suivi du projet, la formalisation des questions de recherche et la restitution des connaissances;<\/li>\n<li style=\"text-align: justify;\">Suivre la mise en place des outils collaboratifs et les promouvoir aupr\u00e8s des r\u00e9seaux locaux et institutionnels;<\/li>\n<li style=\"text-align: justify;\">S\u2019assurer de la capitalisation des exp\u00e9riences men\u00e9es et des connaissances construites en mobilisant les partenaires institutionnels, acad\u00e9miques et associatifs du projet.<\/li>\n<\/ul>\n<p style=\"text-align: right;\"><a href=\"\/index.php\/presentation-du-projet\/axes-de-recherche\/axe-b\/\">Axe de recherche suivant<\/a><\/p>\n<p style=\"text-align: center;\"><a href=\"\/index.php\/presentation-du-projet\/axes-de-recherche\/axe-1\/\">Axe 1<\/a> &#8211;<a href=\"\/index.php\/presentation-du-projet\/axes-de-recherche\/axe-2\/\"> Axe 2<\/a> &#8211; <a href=\"\/index.php\/presentation-du-projet\/axes-de-recherche\/axe-3\/\">Axe 3<\/a> &#8211; Axe A &#8211;<a href=\"\/index.php\/presentation-du-projet\/axes-de-recherche\/axe-b\/\"> Axe B<\/a> &#8211; <a href=\"\/index.php\/presentation-du-projet\/axes-de-recherche\/axe-c\/\">Axe C<\/a><\/p>\n","protected":false},"excerpt":{"rendered":"<p>Animer, valoriser et p\u00e9renniser le projet &nbsp; Porteurs\u00a0: Alix Levain, Chantal Gascuel Objectifs op\u00e9rationnels\u00a0: Cr\u00e9er les conditions d\u2019une implication effective des acteurs locaux dans le suivi du projet, la formalisation des questions de recherche et la restitution des connaissances; Suivre la mise en place des outils collaboratifs et les promouvoir aupr\u00e8s des r\u00e9seaux locaux et [&hellip;]<\/p>\n","protected":false},"author":1,"featured_media":0,"parent":371,"menu_order":3,"comment_status":"closed","ping_status":"closed","template":"","meta":[],"_links":{"self":[{"href":"http:\/\/www.parchemins.bzh\/index.php\/wp-json\/wp\/v2\/pages\/459"}],"collection":[{"href":"http:\/\/www.parchemins.bzh\/index.php\/wp-json\/wp\/v2\/pages"}],"about":[{"href":"http:\/\/www.parchemins.bzh\/index.php\/wp-json\/wp\/v2\/types\/page"}],"author":[{"embeddable":true,"href":"http:\/\/www.parchemins.bzh\/index.php\/wp-json\/wp\/v2\/users\/1"}],"replies":[{"embeddable":true,"href":"http:\/\/www.parchemins.bzh\/index.php\/wp-json\/wp\/v2\/comments?post=459"}],"version-history":[{"count":9,"href":"http:\/\/www.parchemins.bzh\/index.php\/wp-json\/wp\/v2\/pages\/459\/revisions"}],"predecessor-version":[{"id":535,"href":"http:\/\/www.parchemins.bzh\/index.php\/wp-json\/wp\/v2\/pages\/459\/revisions\/535"}],"up":[{"embeddable":true,"href":"http:\/\/www.parchemins.bzh\/index.php\/wp-json\/wp\/v2\/pages\/371"}],"wp:attachment":[{"href":"http:\/\/www.parchemins.bzh\/index.php\/wp-json\/wp\/v2\/media?parent=459"}],"curies":[{"name":"wp","href":"https:\/\/api.w.org\/{rel}","templated":true}]}}