{"id":414,"date":"2017-03-27T23:24:36","date_gmt":"2017-03-27T21:24:36","guid":{"rendered":"http:\/\/www.parchemins.bzh\/?page_id=414"},"modified":"2020-09-16T14:20:16","modified_gmt":"2020-09-16T12:20:16","slug":"cartotheque","status":"publish","type":"page","link":"http:\/\/www.parchemins.bzh\/index.php\/outils\/cartotheque\/","title":{"rendered":"Cartoth\u00e8que"},"content":{"rendered":"<p>Nous vous proposons un outil qui permet de visualiser des donn\u00e9es statistiques sur l\u2019agriculture littorale en Bretagne et de les mettre en regard de quelques donn\u00e9es sur le contexte \u00e9conomique et socio-d\u00e9mographique. Il s\u2019appuie sur les donn\u00e9es communales publi\u00e9es par l\u2019INSEE (Institut National de la Statistique et des Etudes Economiques) ; elles sont principalement issues des recensements agricoles sur les 30 derni\u00e8res ann\u00e9es et des recensements de population sur les 50 derni\u00e8res ann\u00e9es. Nous avons compil\u00e9 et agr\u00e9g\u00e9 ces donn\u00e9es dans le cadre du projet Parchemins, pour proposer un regard sur l\u2019agriculture littorale et sur son \u00e9volution, \u00e0 travers des chiffres cl\u00e9s et des explorations cartographiques \u00e0 diff\u00e9rentes \u00e9chelles : la commune, les sites du projet, l\u2019ensemble des communes littorales, la r\u00e9gion. Ces donn\u00e9es ont \u00e9t\u00e9 publi\u00e9es conform\u00e9ment \u00e0 la directive INSPIRE sur le portail de l\u2019information g\u00e9ographique de l\u2019UMR SAS INRA Agrocampus-Ouest G\u00e9oSAS. <a href=\"http:\/\/geowww.agrocampus-ouest.fr\/geonetwork\/apps\/georchestra\/?s_search=&amp;s_E_any=parchemins\" target=\"_blank\" rel=\"noopener\">Acc\u00e9der aux fiches de m\u00e9tadonn\u00e9es<\/a>.<\/p>\n<p>Cet outil de visualisation est une production collective de l\u2019axe 1 du projet Parchemins \u00ab Produire et mettre en forme des donn\u00e9es contextuelles relatives \u00e0 l\u2019agriculture littorale en Bretagne, en combinant approches quantitatives et qualitatives \u00bb. Il nous permet de mettre \u00e0 disposition et, nous l\u2019esp\u00e9rons, en discussion les donn\u00e9es quantitatives et l\u2019angle d\u2019analyse que nous avons retenus pour questionner la diversit\u00e9 et la sp\u00e9cificit\u00e9 des configurations agro-littorales. Cette approche quantitative a \u00e9t\u00e9 men\u00e9e en forte interaction avec les approches qualitatives d\u00e9velopp\u00e9es dans le projet. Elle a mobilis\u00e9 les comp\u00e9tences de plusieurs Parchemineurs : Marine Legrand, Genevi\u00e8ve Le H\u00e9naff, Herv\u00e9 Squividant et Val\u00e9rie Viaud.<\/p>\n<p>La conception de l\u2019outil a \u00e9t\u00e9 r\u00e9alis\u00e9e en collaboration avec S\u00e9bastien Pelhate, chef de projet informatique et SIG au Conseil R\u00e9gional de Bretagne et Agathe Adam, prestataire ind\u00e9pendante sp\u00e9cialis\u00e9e en g\u00e9omatique et web design.<\/p>\n<div id=\"attachment_2141\" style=\"width: 310px\" class=\"wp-caption aligncenter\"><a href=\"http:\/\/geowww.agrocampus-ouest.fr\/mviewer\/?config=\/apps\/parchemins\/parchemins.xml\"><img aria-describedby=\"caption-attachment-2141\" loading=\"lazy\" class=\"size-medium wp-image-2141\" src=\"http:\/\/www.parchemins.bzh\/wp-content\/uploads\/2019\/09\/mviewer-300x253.png\" alt=\"\" width=\"300\" height=\"253\" srcset=\"http:\/\/www.parchemins.bzh\/wp-content\/uploads\/2019\/09\/mviewer-300x253.png 300w, http:\/\/www.parchemins.bzh\/wp-content\/uploads\/2019\/09\/mviewer.png 530w\" sizes=\"(max-width: 300px) 100vw, 300px\" \/><p id=\"caption-attachment-2141\" class=\"wp-caption-text\">Acc\u00e9der \u00e0 l&rsquo;outil<\/a><\/p><\/div>\n","protected":false},"excerpt":{"rendered":"<p>Nous vous proposons un outil qui permet de visualiser des donn\u00e9es statistiques sur l\u2019agriculture littorale en Bretagne et de les mettre en regard de quelques donn\u00e9es sur le contexte \u00e9conomique et socio-d\u00e9mographique. Il s\u2019appuie sur les donn\u00e9es communales publi\u00e9es par l\u2019INSEE (Institut National de la Statistique et des Etudes Economiques) ; elles sont principalement issues [&hellip;]<\/p>\n","protected":false},"author":3,"featured_media":0,"parent":107,"menu_order":2,"comment_status":"closed","ping_status":"closed","template":"","meta":[],"_links":{"self":[{"href":"http:\/\/www.parchemins.bzh\/index.php\/wp-json\/wp\/v2\/pages\/414"}],"collection":[{"href":"http:\/\/www.parchemins.bzh\/index.php\/wp-json\/wp\/v2\/pages"}],"about":[{"href":"http:\/\/www.parchemins.bzh\/index.php\/wp-json\/wp\/v2\/types\/page"}],"author":[{"embeddable":true,"href":"http:\/\/www.parchemins.bzh\/index.php\/wp-json\/wp\/v2\/users\/3"}],"replies":[{"embeddable":true,"href":"http:\/\/www.parchemins.bzh\/index.php\/wp-json\/wp\/v2\/comments?post=414"}],"version-history":[{"count":11,"href":"http:\/\/www.parchemins.bzh\/index.php\/wp-json\/wp\/v2\/pages\/414\/revisions"}],"predecessor-version":[{"id":2275,"href":"http:\/\/www.parchemins.bzh\/index.php\/wp-json\/wp\/v2\/pages\/414\/revisions\/2275"}],"up":[{"embeddable":true,"href":"http:\/\/www.parchemins.bzh\/index.php\/wp-json\/wp\/v2\/pages\/107"}],"wp:attachment":[{"href":"http:\/\/www.parchemins.bzh\/index.php\/wp-json\/wp\/v2\/media?parent=414"}],"curies":[{"name":"wp","href":"https:\/\/api.w.org\/{rel}","templated":true}]}}

Cartothèque

<p>Nous vous proposons un outil qui permet de visualiser des données statistiques sur l’agriculture littorale en Bretagne et de les mettre en regard de quelques données sur le contexte économique et socio-démographique. Il s’appuie sur les données communales publiées par l’INSEE (Institut National de la Statistique et des Etudes Economiques) ; elles sont principalement issues des recensements agricoles sur les 30 dernières années et des recensements de population sur les 50 dernières années. Nous avons compilé et agrégé ces données dans le cadre du projet Parchemins, pour proposer un regard sur l’agriculture littorale et sur son évolution, à travers des chiffres clés et des explorations cartographiques à différentes échelles : la commune, les sites du projet, l’ensemble des communes littorales, la région. Ces données ont été publiées conformément à la directive INSPIRE sur le portail de l’information géographique de l’UMR SAS INRA Agrocampus-Ouest GéoSAS. <a href="http://geowww.agrocampus-ouest.fr/geonetwork/apps/georchestra/?s_search=&amp;s_E_any=parchemins" target="_blank" rel="noopener">Accéder aux fiches de métadonnées</a>.</p>
<p>Cet outil de visualisation est une production collective de l’axe 1 du projet Parchemins « Produire et mettre en forme des données contextuelles relatives à l’agriculture littorale en Bretagne, en combinant approches quantitatives et qualitatives ». Il nous permet de mettre à disposition et, nous l’espérons, en discussion les données quantitatives et l’angle d’analyse que nous avons retenus pour questionner la diversité et la spécificité des configurations agro-littorales. Cette approche quantitative a été menée en forte interaction avec les approches qualitatives développées dans le projet. Elle a mobilisé les compétences de plusieurs Parchemineurs : Marine Legrand, Geneviève Le Hénaff, Hervé Squividant et Valérie Viaud.</p>
<p>La conception de l’outil a été réalisée en collaboration avec Sébastien Pelhate, chef de projet informatique et SIG au Conseil Régional de Bretagne et Agathe Adam, prestataire indépendante spécialisée en géomatique et web design.</p>
<div id="attachment_2141" style="width: 310px" class="wp-caption aligncenter"><a href="http://geowww.agrocampus-ouest.fr/mviewer/?config=/apps/parchemins/parchemins.xml"><img aria-describedby="caption-attachment-2141" loading="lazy" class="size-medium wp-image-2141" src="http://www.parchemins.bzh/wp-content/uploads/2019/09/mviewer-300x253.png" alt="" width="300" height="253" srcset="http://www.parchemins.bzh/wp-content/uploads/2019/09/mviewer-300x253.png 300w, http://www.parchemins.bzh/wp-content/uploads/2019/09/mviewer.png 530w" sizes="(max-width: 300px) 100vw, 300px" /><p id="caption-attachment-2141" class="wp-caption-text">Accéder à l&rsquo;outil</a></p></div>

<p>Nous vous proposons un outil qui permet de visualiser des données statistiques sur l’agriculture littorale en Bretagne et de les mettre en regard de quelques données sur le contexte économique et socio-démographique. Il s’appuie sur les données communales publiées par l’INSEE (Institut National de la Statistique et des Etudes Economiques) ; elles sont principalement issues [&hellip;]</p>
