{"id":2389,"date":"2021-03-09T10:15:33","date_gmt":"2021-03-09T09:15:33","guid":{"rendered":"http:\/\/www.parchemins.bzh\/?page_id=2389"},"modified":"2021-03-09T10:15:33","modified_gmt":"2021-03-09T09:15:33","slug":"donnees-contextuelles","status":"publish","type":"page","link":"http:\/\/www.parchemins.bzh\/index.php\/les-terrains\/goelo-2\/donnees-contextuelles\/","title":{"rendered":"Donn\u00e9es contextuelles"},"content":{"rendered":"\n<p>Synth\u00e8se des indicateurs quantitatifs produits sur l&rsquo;agriculture et le contexte socio-d\u00e9mographique pour le site du Go\u00eblo<\/p>\n\n\n\n<div class=\"wp-block-file\"><a href=\"http:\/\/www.parchemins.bzh\/wp-content\/uploads\/2021\/03\/synthese_indicateur_Goelo.pdf\">synthese_indicateur_Goelo<\/a><a href=\"http:\/\/www.parchemins.bzh\/wp-content\/uploads\/2021\/03\/synthese_indicateur_Goelo.pdf\" class=\"wp-block-file__button\" download>T\u00e9l\u00e9charger<\/a><\/div>\n\n\n\n<p><\/p>\n","protected":false},"excerpt":{"rendered":"<p>Synth\u00e8se des indicateurs quantitatifs produits sur l&rsquo;agriculture et le contexte socio-d\u00e9mographique pour le site du Go\u00eblo<\/p>\n","protected":false},"author":6,"featured_media":0,"parent":1793,"menu_order":0,"comment_status":"closed","ping_status":"closed","template":"","meta":[],"_links":{"self":[{"href":"http:\/\/www.parchemins.bzh\/index.php\/wp-json\/wp\/v2\/pages\/2389"}],"collection":[{"href":"http:\/\/www.parchemins.bzh\/index.php\/wp-json\/wp\/v2\/pages"}],"about":[{"href":"http:\/\/www.parchemins.bzh\/index.php\/wp-json\/wp\/v2\/types\/page"}],"author":[{"embeddable":true,"href":"http:\/\/www.parchemins.bzh\/index.php\/wp-json\/wp\/v2\/users\/6"}],"replies":[{"embeddable":true,"href":"http:\/\/www.parchemins.bzh\/index.php\/wp-json\/wp\/v2\/comments?post=2389"}],"version-history":[{"count":1,"href":"http:\/\/www.parchemins.bzh\/index.php\/wp-json\/wp\/v2\/pages\/2389\/revisions"}],"predecessor-version":[{"id":2393,"href":"http:\/\/www.parchemins.bzh\/index.php\/wp-json\/wp\/v2\/pages\/2389\/revisions\/2393"}],"up":[{"embeddable":true,"href":"http:\/\/www.parchemins.bzh\/index.php\/wp-json\/wp\/v2\/pages\/1793"}],"wp:attachment":[{"href":"http:\/\/www.parchemins.bzh\/index.php\/wp-json\/wp\/v2\/media?parent=2389"}],"curies":[{"name":"wp","href":"https:\/\/api.w.org\/{rel}","templated":true}]}}

Données contextuelles

<p>Synthèse des indicateurs quantitatifs produits sur l&rsquo;agriculture et le contexte socio-démographique pour le site du Goëlo</p>



<div class="wp-block-file"><a href="http://www.parchemins.bzh/wp-content/uploads/2021/03/synthese_indicateur_Goelo.pdf">synthese_indicateur_Goelo</a><a href="http://www.parchemins.bzh/wp-content/uploads/2021/03/synthese_indicateur_Goelo.pdf" class="wp-block-file__button" download>Télécharger</a></div>



<p></p>

<p>Synthèse des indicateurs quantitatifs produits sur l&rsquo;agriculture et le contexte socio-démographique pour le site du Goëlo</p>
