{"id":226,"date":"2017-03-23T16:49:24","date_gmt":"2017-03-23T15:49:24","guid":{"rendered":"http:\/\/www.parchemins.bzh\/?page_id=226"},"modified":"2018-03-16T11:54:53","modified_gmt":"2018-03-16T10:54:53","slug":"partenaires-institutionnels","status":"publish","type":"page","link":"http:\/\/www.parchemins.bzh\/index.php\/presentation-du-projet\/partenaires-institutionnels\/","title":{"rendered":"Partenaires institutionnels"},"content":{"rendered":"<p>Le projet PARCHEMINS repose sur plusieurs partenariats :<\/p>\n<h4><\/h4>\n<p>&nbsp;<\/p>\n<h4><\/h4>\n<h4><strong><span style=\"color: #666699;\">Partenariats scientifiques<\/span><br \/>\n<\/strong><\/h4>\n<ul>\n<li><a href=\"http:\/\/umr-lisis.fr\/\">L&rsquo;UMR LISIS<\/a><\/li>\n<\/ul>\n<p style=\"text-align: justify;\"><a href=\"http:\/\/umr-lisis.fr\/\"><img loading=\"lazy\" class=\"alignright wp-image-286\" src=\"http:\/\/www.parchemins.bzh\/wp-content\/uploads\/2017\/03\/lisis-logo.png\" alt=\"\" width=\"180\" height=\"139\" \/><\/a>Le laboratoire interdisciplinaire Sciences Innovations Soci\u00e9t\u00e9s (LISIS) est un laboratoire de recherche consacr\u00e9 \u00e0 l&rsquo;\u00e9tude des sciences et des innovations en soci\u00e9t\u00e9s. L&rsquo;enjeu de ses recherches est de comprendre les transformations sociales et politiques li\u00e9es \u00e0 l\u2019innovation scientifique et technique dans notre rapport \u00e0 l\u2019environnement, \u00e0 la globalisation \u00e9conomique et \u00e0 la digitalisation des mondes sociaux et professionnels.<\/p>\n<p>&nbsp;<\/p>\n<p>&nbsp;<\/p>\n<ul>\n<li><a href=\"http:\/\/www6.rennes.inra.fr\/umrsas\/\">L&rsquo;UMR SAS<\/a><\/li>\n<\/ul>\n<p style=\"text-align: justify;\"><a href=\"http:\/\/www6.rennes.inra.fr\/umrsas\/\"><img loading=\"lazy\" class=\"alignright wp-image-288\" src=\"http:\/\/www.parchemins.bzh\/wp-content\/uploads\/2017\/03\/UMR-SAS-logo.jpg\" alt=\"\" width=\"181\" height=\"181\" srcset=\"http:\/\/www.parchemins.bzh\/wp-content\/uploads\/2017\/03\/UMR-SAS-logo.jpg 225w, http:\/\/www.parchemins.bzh\/wp-content\/uploads\/2017\/03\/UMR-SAS-logo-150x150.jpg 150w, http:\/\/www.parchemins.bzh\/wp-content\/uploads\/2017\/03\/UMR-SAS-logo-50x50.jpg 50w\" sizes=\"(max-width: 181px) 100vw, 181px\" \/><\/a>L&rsquo;unit\u00e9 mixte de recherche Sol Agro et hydrosyst\u00e8me Spatialisation (SAS) \u00e9tudie les interactions entre l\u2019agriculture et le milieu naturel par une approche int\u00e9grative et spatialis\u00e9e des territoires ruraux. Les th\u00e9matiques qui y sont principalement abord\u00e9es portent sur les cycles hydrologiques et biog\u00e9ochimiques (azote, carbone, phosphore) dans les paysages cultiv\u00e9s, ainsi que l\u2019\u00e9valuation multicrit\u00e8re des syst\u00e8mes agricoles. Les recherches qui sont men\u00e9es au sein de l&rsquo;UMR SAS visent \u00e0 \u00e9laborer des syst\u00e8mes de production agricole durables, \u00e0 am\u00e9liorer l\u2019am\u00e9nagement de l\u2019espace rural, \u00e0 pr\u00e9server la qualit\u00e9 de l\u2019eau, du sol, de l\u2019air et des paysages.<\/p>\n<p>&nbsp;<\/p>\n<p>&nbsp;<\/p>\n<ul>\n<li><a href=\"http:\/\/www.irepsbretagne.fr\/#&amp;panel1-1\">L&rsquo;IREPS<\/a><\/li>\n<\/ul>\n<p style=\"text-align: justify;\"><a href=\"http:\/\/www.irepsbretagne.fr\/#&amp;panel1-1\"><img loading=\"lazy\" class=\"alignright wp-image-304\" src=\"http:\/\/www.parchemins.bzh\/wp-content\/uploads\/2017\/03\/ireps-bretagne-logo.jpg\" alt=\"\" width=\"180\" height=\"121\" \/><\/a>L\u2019Instance r\u00e9gionale d\u2019\u00e9ducation et de promotion de la sant\u00e9 (IREPS) Bretagne est une association loi 1901 \u00e0 but non lucratif. Elle a pour objet la promotion de la sant\u00e9 et de la qualit\u00e9 de vie en Bretagne par l\u2019action aupr\u00e8s des publics prioritaires, des professionnels et des b\u00e9n\u00e9voles des secteurs sanitaires, sociaux, m\u00e9dico-sociaux et \u00e9ducatifs et dans tous les domaines favorisant l\u2019acc\u00e8s \u00e0 la pr\u00e9vention, aux soins et \u00e0 la qualit\u00e9 de vie de la population bretonne.<\/p>\n<p>&nbsp;<\/p>\n<p>&nbsp;<\/p>\n<ul>\n<li><a href=\"http:\/\/www.creseb.fr\/\">Le CRESEB<\/a><\/li>\n<\/ul>\n<p style=\"text-align: justify;\"><a href=\"http:\/\/www.creseb.fr\/\"><img loading=\"lazy\" class=\"alignright wp-image-290 \" src=\"http:\/\/www.parchemins.bzh\/wp-content\/uploads\/2017\/03\/CRESEB-Logo.png\" alt=\"\" width=\"206\" height=\"103\" srcset=\"http:\/\/www.parchemins.bzh\/wp-content\/uploads\/2017\/03\/CRESEB-Logo.png 318w, http:\/\/www.parchemins.bzh\/wp-content\/uploads\/2017\/03\/CRESEB-Logo-300x150.png 300w\" sizes=\"(max-width: 206px) 100vw, 206px\" \/><\/a>Le Centre de Ressources et d\u2019Expertise sur l\u2019Eau en Bretagne (CRESEB) est une plateforme d&rsquo;\u00e9changes entre les acteurs de la gestion int\u00e9gr\u00e9e de l&rsquo;eau et les acteurs scientifiques. Le CRESEB a vocation \u00e0 faciliter et organiser le partage de connaissances autour des enjeux li\u00e9s \u00e0 la gouvernance de l\u2019eau. Il est impliqu\u00e9 dans le projet Parchemins \u00e0 travers sa participation au groupe projet et \u00e0 l\u2019organisation de temps d\u2019\u00e9change et de restitution des r\u00e9sultats \u00e0 l\u2019\u00e9chelle r\u00e9gionale.<\/p>\n<p>&nbsp;<\/p>\n<p>&nbsp;<\/p>\n<h4><strong><span style=\"color: #666699;\">Partenariats institutionnels<\/span><br \/>\n<\/strong><\/h4>\n<p style=\"text-align: justify;\">PARCHEMINS est soutenu et co-financ\u00e9 par la<a href=\"https:\/\/www.fondationdefrance.org\/fr\"> Fondation de France <\/a>, le<a href=\"http:\/\/www.bretagne.bzh\/jcms\/TF071112_5041\/fr\/le-conseil-regional\"> Conseil r\u00e9gional de la r\u00e9gion Bretagne<\/a>, l&rsquo;<a href=\"http:\/\/prod.inra.fr\/\">INRA<\/a>,\u00a0l&rsquo;<a href=\"https:\/\/www.univ-brest.fr\/\">Universit\u00e9 de Bretagne Occidentale<\/a> et <a href=\"http:\/\/www.agrocampus-ouest.fr\/infoglueDeliverLive\/\">Agrocampus Ouest<\/a><\/p>\n<p><a href=\"https:\/\/www.fondationdefrance.org\/fr\"><img loading=\"lazy\" class=\"alignleft size-thumbnail wp-image-283\" src=\"http:\/\/www.parchemins.bzh\/wp-content\/uploads\/2017\/03\/Fondation_de_France-logo-150x150.png\" alt=\"\" width=\"150\" height=\"150\" srcset=\"http:\/\/www.parchemins.bzh\/wp-content\/uploads\/2017\/03\/Fondation_de_France-logo-150x150.png 150w, http:\/\/www.parchemins.bzh\/wp-content\/uploads\/2017\/03\/Fondation_de_France-logo-50x50.png 50w, http:\/\/www.parchemins.bzh\/wp-content\/uploads\/2017\/03\/Fondation_de_France-logo.png 220w\" sizes=\"(max-width: 150px) 100vw, 150px\" \/><\/a><a href=\"http:\/\/www.bretagne.bzh\/jcms\/TF071112_5041\/fr\/le-conseil-regional\"><img loading=\"lazy\" class=\"alignleft wp-image-287 size-thumbnail\" src=\"http:\/\/www.parchemins.bzh\/wp-content\/uploads\/2017\/03\/R\u00e9gion_Bretagne_logo-150x150.png\" alt=\"\" width=\"150\" height=\"150\" srcset=\"http:\/\/www.parchemins.bzh\/wp-content\/uploads\/2017\/03\/R\u00e9gion_Bretagne_logo-150x150.png 150w, http:\/\/www.parchemins.bzh\/wp-content\/uploads\/2017\/03\/R\u00e9gion_Bretagne_logo-300x300.png 300w, http:\/\/www.parchemins.bzh\/wp-content\/uploads\/2017\/03\/R\u00e9gion_Bretagne_logo-768x768.png 768w, http:\/\/www.parchemins.bzh\/wp-content\/uploads\/2017\/03\/R\u00e9gion_Bretagne_logo-50x50.png 50w, http:\/\/www.parchemins.bzh\/wp-content\/uploads\/2017\/03\/R\u00e9gion_Bretagne_logo.png 1024w\" sizes=\"(max-width: 150px) 100vw, 150px\" \/><\/a><\/p>\n<p><a href=\"http:\/\/prod.inra.fr\/\"><img loading=\"lazy\" class=\"alignleft wp-image-284\" src=\"http:\/\/www.parchemins.bzh\/wp-content\/uploads\/2017\/03\/INRA-logo.jpg\" alt=\"\" width=\"330\" height=\"135\" srcset=\"http:\/\/www.parchemins.bzh\/wp-content\/uploads\/2017\/03\/INRA-logo.jpg 3508w, http:\/\/www.parchemins.bzh\/wp-content\/uploads\/2017\/03\/INRA-logo-300x123.jpg 300w, http:\/\/www.parchemins.bzh\/wp-content\/uploads\/2017\/03\/INRA-logo-768x315.jpg 768w, http:\/\/www.parchemins.bzh\/wp-content\/uploads\/2017\/03\/INRA-logo-1024x420.jpg 1024w\" sizes=\"(max-width: 330px) 100vw, 330px\" \/><\/a><\/p>\n<p>&nbsp;<\/p>\n<p>&nbsp;<\/p>\n<p>&nbsp;<\/p>\n<p>&nbsp;<\/p>\n<p>&nbsp;<\/p>\n<p><a href=\"http:\/\/www.agrocampus-ouest.fr\/infoglueDeliverLive\/\"><img loading=\"lazy\" class=\"wp-image-1440 aligncenter\" src=\"http:\/\/www.parchemins.bzh\/wp-content\/uploads\/2017\/03\/ubo-Agrocampus.png\" alt=\"\" width=\"515\" height=\"147\" srcset=\"http:\/\/www.parchemins.bzh\/wp-content\/uploads\/2017\/03\/ubo-Agrocampus.png 953w, http:\/\/www.parchemins.bzh\/wp-content\/uploads\/2017\/03\/ubo-Agrocampus-300x86.png 300w, http:\/\/www.parchemins.bzh\/wp-content\/uploads\/2017\/03\/ubo-Agrocampus-768x220.png 768w\" sizes=\"(max-width: 515px) 100vw, 515px\" \/><\/a><\/p>\n<p>&nbsp;<\/p>\n<p>&nbsp;<\/p>\n","protected":false},"excerpt":{"rendered":"<p>Le projet PARCHEMINS repose sur plusieurs partenariats : &nbsp; Partenariats scientifiques L&rsquo;UMR LISIS Le laboratoire interdisciplinaire Sciences Innovations Soci\u00e9t\u00e9s (LISIS) est un laboratoire de recherche consacr\u00e9 \u00e0 l&rsquo;\u00e9tude des sciences et des innovations en soci\u00e9t\u00e9s. L&rsquo;enjeu de ses recherches est de comprendre les transformations sociales et politiques li\u00e9es \u00e0 l\u2019innovation scientifique et technique dans notre [&hellip;]<\/p>\n","protected":false},"author":1,"featured_media":0,"parent":224,"menu_order":1,"comment_status":"closed","ping_status":"closed","template":"","meta":[],"_links":{"self":[{"href":"http:\/\/www.parchemins.bzh\/index.php\/wp-json\/wp\/v2\/pages\/226"}],"collection":[{"href":"http:\/\/www.parchemins.bzh\/index.php\/wp-json\/wp\/v2\/pages"}],"about":[{"href":"http:\/\/www.parchemins.bzh\/index.php\/wp-json\/wp\/v2\/types\/page"}],"author":[{"embeddable":true,"href":"http:\/\/www.parchemins.bzh\/index.php\/wp-json\/wp\/v2\/users\/1"}],"replies":[{"embeddable":true,"href":"http:\/\/www.parchemins.bzh\/index.php\/wp-json\/wp\/v2\/comments?post=226"}],"version-history":[{"count":42,"href":"http:\/\/www.parchemins.bzh\/index.php\/wp-json\/wp\/v2\/pages\/226\/revisions"}],"predecessor-version":[{"id":1443,"href":"http:\/\/www.parchemins.bzh\/index.php\/wp-json\/wp\/v2\/pages\/226\/revisions\/1443"}],"up":[{"embeddable":true,"href":"http:\/\/www.parchemins.bzh\/index.php\/wp-json\/wp\/v2\/pages\/224"}],"wp:attachment":[{"href":"http:\/\/www.parchemins.bzh\/index.php\/wp-json\/wp\/v2\/media?parent=226"}],"curies":[{"name":"wp","href":"https:\/\/api.w.org\/{rel}","templated":true}]}}