{"id":1542,"date":"2018-04-16T14:15:52","date_gmt":"2018-04-16T12:15:52","guid":{"rendered":"http:\/\/www.parchemins.bzh\/?page_id=1542"},"modified":"2018-07-06T16:12:34","modified_gmt":"2018-07-06T14:12:34","slug":"cabinet-de-toutes-curiosites","status":"publish","type":"page","link":"http:\/\/www.parchemins.bzh\/index.php\/atelier\/rencontres-de-kervic\/programme\/cabinet-de-toutes-curiosites\/","title":{"rendered":"Le cabinet de toutes les curiosit\u00e9s&#8230;"},"content":{"rendered":"<p>Tout au long du week-end, chercheurs professionnels et chercheurs b\u00e9n\u00e9voles ont propos\u00e9 des activit\u00e9s m\u00ealant cr\u00e9ation, sciences, d\u00e9couverte et plaisir. Pour stimuler l&rsquo;imagination, cultiver la parole, nourrir toutes les curiosit\u00e9s&#8230;<\/p>\n<p>Consultez les pages d\u00e9di\u00e9es aux animations :<\/p>\n<div id=\"attachment_1527\" style=\"width: 160px\" class=\"wp-caption alignleft\"><a href=\"http:\/\/www.parchemins.bzh\/index.php\/atelier\/rencontres-de-kervic\/programme\/cabinet-de-toutes-curiosites\/1eres-rencontres-de-kervicprogrammeexposition-greve-chou\/\"><img aria-describedby=\"caption-attachment-1527\" loading=\"lazy\" class=\"wp-image-1527 size-thumbnail\" src=\"http:\/\/www.parchemins.bzh\/wp-content\/uploads\/2018\/03\/M.F-Bocher-1-150x150.jpg\" alt=\"\" width=\"150\" height=\"150\" srcset=\"http:\/\/www.parchemins.bzh\/wp-content\/uploads\/2018\/03\/M.F-Bocher-1-150x150.jpg 150w, http:\/\/www.parchemins.bzh\/wp-content\/uploads\/2018\/03\/M.F-Bocher-1-50x50.jpg 50w\" sizes=\"(max-width: 150px) 100vw, 150px\" \/><\/a><p id=\"caption-attachment-1527\" class=\"wp-caption-text\">\u00a9 Christian Lameul<\/p><\/div>\n<p>&nbsp;<\/p>\n<ul>\n<li><a href=\"http:\/\/www.parchemins.bzh\/index.php\/atelier\/rencontres-de-kervic\/programme\/cabinet-de-toutes-curiosites\/1eres-rencontres-de-kervicprogrammeexposition-greve-chou\/\">L&rsquo;exposition sonore et photographique <em>La gr\u00e8ve et le <\/em><em>chou<\/em>, en partenariat avec l&rsquo;association L&rsquo;Image qui parle<\/a><\/li>\n<\/ul>\n<p>&nbsp;<\/p>\n<p>&nbsp;<\/p>\n<p>&nbsp;<\/p>\n<p>&nbsp;<\/p>\n<p>&nbsp;<\/p>\n<div id=\"attachment_1726\" style=\"width: 160px\" class=\"wp-caption alignleft\"><a href=\"http:\/\/www.parchemins.bzh\/index.php\/atelier\/rencontres-de-kervic\/programme\/cabinet-de-toutes-curiosites\/balades-curieuses-autour-de-kervic\/\"><img aria-describedby=\"caption-attachment-1726\" loading=\"lazy\" class=\"wp-image-1726 size-thumbnail\" src=\"http:\/\/www.parchemins.bzh\/wp-content\/uploads\/2018\/04\/DSCN3226-150x150.jpg\" alt=\"\" width=\"150\" height=\"150\" srcset=\"http:\/\/www.parchemins.bzh\/wp-content\/uploads\/2018\/04\/DSCN3226-150x150.jpg 150w, http:\/\/www.parchemins.bzh\/wp-content\/uploads\/2018\/04\/DSCN3226-50x50.jpg 50w\" sizes=\"(max-width: 150px) 100vw, 150px\" \/><\/a><p id=\"caption-attachment-1726\" class=\"wp-caption-text\">\u00a9 Rod\u00e9ric B\u00e9ra<\/p><\/div>\n<p>&nbsp;<\/p>\n<ul>\n<li><a href=\"http:\/\/www.parchemins.bzh\/index.php\/atelier\/rencontres-de-kervic\/programme\/cabinet-de-toutes-curiosites\/balades-curieuses-autour-de-kervic\/\"><em>Les Balades curieuses autour de Kervic<\/em><\/a><\/li>\n<\/ul>\n<p>&nbsp;<\/p>\n<p>&nbsp;<\/p>\n<p>&nbsp;<\/p>\n<p>&nbsp;<\/p>\n<p>&nbsp;<\/p>\n<div id=\"attachment_1724\" style=\"width: 160px\" class=\"wp-caption alignleft\"><a href=\"http:\/\/www.parchemins.bzh\/index.php\/atelier\/rencontres-de-kervic\/programme\/cabinet-de-toutes-curiosites\/poesies-de-laboratoire\/\"><img aria-describedby=\"caption-attachment-1724\" loading=\"lazy\" class=\"wp-image-1724 size-thumbnail\" src=\"http:\/\/www.parchemins.bzh\/wp-content\/uploads\/2018\/04\/DSCN3213-150x150.jpg\" alt=\"\" width=\"150\" height=\"150\" srcset=\"http:\/\/www.parchemins.bzh\/wp-content\/uploads\/2018\/04\/DSCN3213-150x150.jpg 150w, http:\/\/www.parchemins.bzh\/wp-content\/uploads\/2018\/04\/DSCN3213-50x50.jpg 50w\" sizes=\"(max-width: 150px) 100vw, 150px\" \/><\/a><p id=\"caption-attachment-1724\" class=\"wp-caption-text\">\u00a9 Rod\u00e9ric B\u00e9ra<\/p><\/div>\n<p>&nbsp;<\/p>\n<ul>\n<li><a href=\"http:\/\/www.parchemins.bzh\/index.php\/atelier\/rencontres-de-kervic\/programme\/cabinet-de-toutes-curiosites\/poesies-de-laboratoire\/\">Les <em>Po\u00e9sies de laboratoire<\/em><\/a><\/li>\n<\/ul>\n<p>&nbsp;<\/p>\n<p>&nbsp;<\/p>\n<p>&nbsp;<\/p>\n<p>&nbsp;<\/p>\n<p>&nbsp;<\/p>\n<div id=\"attachment_1725\" style=\"width: 160px\" class=\"wp-caption alignleft\"><a href=\"http:\/\/www.parchemins.bzh\/index.php\/atelier\/rencontres-de-kervic\/programme\/cabinet-de-toutes-curiosites\/petit-musee-mots-prononces\/\"><img aria-describedby=\"caption-attachment-1725\" loading=\"lazy\" class=\"wp-image-1725 size-thumbnail\" src=\"http:\/\/www.parchemins.bzh\/wp-content\/uploads\/2018\/04\/IMG_0415-150x150.jpg\" alt=\"\" width=\"150\" height=\"150\" srcset=\"http:\/\/www.parchemins.bzh\/wp-content\/uploads\/2018\/04\/IMG_0415-150x150.jpg 150w, http:\/\/www.parchemins.bzh\/wp-content\/uploads\/2018\/04\/IMG_0415-50x50.jpg 50w\" sizes=\"(max-width: 150px) 100vw, 150px\" \/><\/a><p id=\"caption-attachment-1725\" class=\"wp-caption-text\">\u00a9 Florence Revelin<\/p><\/div>\n<p>&nbsp;<\/p>\n<ul>\n<li><a href=\"http:\/\/www.parchemins.bzh\/index.php\/atelier\/rencontres-de-kervic\/programme\/cabinet-de-toutes-curiosites\/petit-musee-mots-prononces\/\">Le <em>Petit Mus\u00e9e des Mots Prononc\u00e9s<\/em><\/a><\/li>\n<\/ul>\n","protected":false},"excerpt":{"rendered":"<p>Tout au long du week-end, chercheurs professionnels et chercheurs b\u00e9n\u00e9voles ont propos\u00e9 des activit\u00e9s m\u00ealant cr\u00e9ation, sciences, d\u00e9couverte et plaisir. Pour stimuler l&rsquo;imagination, cultiver la parole, nourrir toutes les curiosit\u00e9s&#8230; Consultez les pages d\u00e9di\u00e9es aux animations : &nbsp; L&rsquo;exposition sonore et photographique La gr\u00e8ve et le chou, en partenariat avec l&rsquo;association L&rsquo;Image qui parle &nbsp; [&hellip;]<\/p>\n","protected":false},"author":5,"featured_media":0,"parent":1382,"menu_order":0,"comment_status":"closed","ping_status":"closed","template":"","meta":[],"_links":{"self":[{"href":"http:\/\/www.parchemins.bzh\/index.php\/wp-json\/wp\/v2\/pages\/1542"}],"collection":[{"href":"http:\/\/www.parchemins.bzh\/index.php\/wp-json\/wp\/v2\/pages"}],"about":[{"href":"http:\/\/www.parchemins.bzh\/index.php\/wp-json\/wp\/v2\/types\/page"}],"author":[{"embeddable":true,"href":"http:\/\/www.parchemins.bzh\/index.php\/wp-json\/wp\/v2\/users\/5"}],"replies":[{"embeddable":true,"href":"http:\/\/www.parchemins.bzh\/index.php\/wp-json\/wp\/v2\/comments?post=1542"}],"version-history":[{"count":14,"href":"http:\/\/www.parchemins.bzh\/index.php\/wp-json\/wp\/v2\/pages\/1542\/revisions"}],"predecessor-version":[{"id":1735,"href":"http:\/\/www.parchemins.bzh\/index.php\/wp-json\/wp\/v2\/pages\/1542\/revisions\/1735"}],"up":[{"embeddable":true,"href":"http:\/\/www.parchemins.bzh\/index.php\/wp-json\/wp\/v2\/pages\/1382"}],"wp:attachment":[{"href":"http:\/\/www.parchemins.bzh\/index.php\/wp-json\/wp\/v2\/media?parent=1542"}],"curies":[{"name":"wp","href":"https:\/\/api.w.org\/{rel}","templated":true}]}}

Le cabinet de toutes les curiosités&#8230;

<p>Tout au long du week-end, chercheurs professionnels et chercheurs bénévoles ont proposé des activités mêlant création, sciences, découverte et plaisir. Pour stimuler l&rsquo;imagination, cultiver la parole, nourrir toutes les curiosités&#8230;</p>
<p>Consultez les pages dédiées aux animations :</p>
<div id="attachment_1527" style="width: 160px" class="wp-caption alignleft"><a href="http://www.parchemins.bzh/index.php/atelier/rencontres-de-kervic/programme/cabinet-de-toutes-curiosites/1eres-rencontres-de-kervicprogrammeexposition-greve-chou/"><img aria-describedby="caption-attachment-1527" loading="lazy" class="wp-image-1527 size-thumbnail" src="http://www.parchemins.bzh/wp-content/uploads/2018/03/M.F-Bocher-1-150x150.jpg" alt="" width="150" height="150" srcset="http://www.parchemins.bzh/wp-content/uploads/2018/03/M.F-Bocher-1-150x150.jpg 150w, http://www.parchemins.bzh/wp-content/uploads/2018/03/M.F-Bocher-1-50x50.jpg 50w" sizes="(max-width: 150px) 100vw, 150px" /></a><p id="caption-attachment-1527" class="wp-caption-text">© Christian Lameul</p></div>
<p>&nbsp;</p>
<ul>
<li><a href="http://www.parchemins.bzh/index.php/atelier/rencontres-de-kervic/programme/cabinet-de-toutes-curiosites/1eres-rencontres-de-kervicprogrammeexposition-greve-chou/">L&rsquo;exposition sonore et photographique <em>La grève et le </em><em>chou</em>, en partenariat avec l&rsquo;association L&rsquo;Image qui parle</a></li>
</ul>
<p>&nbsp;</p>
<p>&nbsp;</p>
<p>&nbsp;</p>
<p>&nbsp;</p>
<p>&nbsp;</p>
<div id="attachment_1726" style="width: 160px" class="wp-caption alignleft"><a href="http://www.parchemins.bzh/index.php/atelier/rencontres-de-kervic/programme/cabinet-de-toutes-curiosites/balades-curieuses-autour-de-kervic/"><img aria-describedby="caption-attachment-1726" loading="lazy" class="wp-image-1726 size-thumbnail" src="http://www.parchemins.bzh/wp-content/uploads/2018/04/DSCN3226-150x150.jpg" alt="" width="150" height="150" srcset="http://www.parchemins.bzh/wp-content/uploads/2018/04/DSCN3226-150x150.jpg 150w, http://www.parchemins.bzh/wp-content/uploads/2018/04/DSCN3226-50x50.jpg 50w" sizes="(max-width: 150px) 100vw, 150px" /></a><p id="caption-attachment-1726" class="wp-caption-text">© Rodéric Béra</p></div>
<p>&nbsp;</p>
<ul>
<li><a href="http://www.parchemins.bzh/index.php/atelier/rencontres-de-kervic/programme/cabinet-de-toutes-curiosites/balades-curieuses-autour-de-kervic/"><em>Les Balades curieuses autour de Kervic</em></a></li>
</ul>
<p>&nbsp;</p>
<p>&nbsp;</p>
<p>&nbsp;</p>
<p>&nbsp;</p>
<p>&nbsp;</p>
<div id="attachment_1724" style="width: 160px" class="wp-caption alignleft"><a href="http://www.parchemins.bzh/index.php/atelier/rencontres-de-kervic/programme/cabinet-de-toutes-curiosites/poesies-de-laboratoire/"><img aria-describedby="caption-attachment-1724" loading="lazy" class="wp-image-1724 size-thumbnail" src="http://www.parchemins.bzh/wp-content/uploads/2018/04/DSCN3213-150x150.jpg" alt="" width="150" height="150" srcset="http://www.parchemins.bzh/wp-content/uploads/2018/04/DSCN3213-150x150.jpg 150w, http://www.parchemins.bzh/wp-content/uploads/2018/04/DSCN3213-50x50.jpg 50w" sizes="(max-width: 150px) 100vw, 150px" /></a><p id="caption-attachment-1724" class="wp-caption-text">© Rodéric Béra</p></div>
<p>&nbsp;</p>
<ul>
<li><a href="http://www.parchemins.bzh/index.php/atelier/rencontres-de-kervic/programme/cabinet-de-toutes-curiosites/poesies-de-laboratoire/">Les <em>Poésies de laboratoire</em></a></li>
</ul>
<p>&nbsp;</p>
<p>&nbsp;</p>
<p>&nbsp;</p>
<p>&nbsp;</p>
<p>&nbsp;</p>
<div id="attachment_1725" style="width: 160px" class="wp-caption alignleft"><a href="http://www.parchemins.bzh/index.php/atelier/rencontres-de-kervic/programme/cabinet-de-toutes-curiosites/petit-musee-mots-prononces/"><img aria-describedby="caption-attachment-1725" loading="lazy" class="wp-image-1725 size-thumbnail" src="http://www.parchemins.bzh/wp-content/uploads/2018/04/IMG_0415-150x150.jpg" alt="" width="150" height="150" srcset="http://www.parchemins.bzh/wp-content/uploads/2018/04/IMG_0415-150x150.jpg 150w, http://www.parchemins.bzh/wp-content/uploads/2018/04/IMG_0415-50x50.jpg 50w" sizes="(max-width: 150px) 100vw, 150px" /></a><p id="caption-attachment-1725" class="wp-caption-text">© Florence Revelin</p></div>
<p>&nbsp;</p>
<ul>
<li><a href="http://www.parchemins.bzh/index.php/atelier/rencontres-de-kervic/programme/cabinet-de-toutes-curiosites/petit-musee-mots-prononces/">Le <em>Petit Musée des Mots Prononcés</em></a></li>
</ul>

<p>Tout au long du week-end, chercheurs professionnels et chercheurs bénévoles ont proposé des activités mêlant création, sciences, découverte et plaisir. Pour stimuler l&rsquo;imagination, cultiver la parole, nourrir toutes les curiosités&#8230; Consultez les pages dédiées aux animations : &nbsp; L&rsquo;exposition sonore et photographique La grève et le chou, en partenariat avec l&rsquo;association L&rsquo;Image qui parle &nbsp; [&hellip;]</p>
